3221?
-3312134
In base 12, what is 11b069 + -9?
11b060
In base 8, what is 50717441 - -5?
50717446
In base 11, what is -3940225a - -3?
-39402257
In base 4, what is 3000202 + 2203?
3003011
In base 10, what is 8703821 - 5?
8703816
In base 5, what is 321 - 3101111?
-3100240
In base 12, what is 20761879 + 10?
20761889
In base 9, what is 17 + 5208106?
5208124
In base 9, what is 470361681 + -4?
470361676
In base 4, what is 121110023202333 - -10?
121110023203003
In base 11, what is -176380 - -87?
-1762a4
In base 2, what is -11 - 110100000011010101001101000?
-110100000011010101001101011
In base 5, what is 2142034114 + -1?
2142034113
In base 12, what is -2b2a824 + 2?
-2b2a822
In base 15, what is 4 + 1107cb?
1107d0
In base 3, what is -212010111200 - -100020?
-212010011110
In base 3, what is -10101 - -2202121001112?
2202120221011
In base 3, what is -20200202021002012 - 10?
-20200202021002022
In base 14, what is -388c - 34d7?
-6d85
In base 10, what is 37860 - 2467?
35393
In base 12, what is -263 - 9132?
-9395
In base 8, what is 30 - 6715516?
-6715466
In base 10, what is -26909147 + -1?
-26909148
In base 10, what is 123 + -529877?
-529754
In base 10, what is 35154 + -2094?
33060
In base 10, what is -24604 + -864?
-25468
In base 2, what is -1000000 + -111010010111100?
-111010011111100
In base 2, what is 100 - 10000010110100110010010100011?
-10000010110100110010010011111
In base 2, what is 1 + -110001001001111000101?
-110001001001111000100
In base 12, what is 853 + -5954a?
-588b7
In base 11, what is -44a6025 - -6?
-44a601a
In base 15, what is 3 - -7b9a53?
7b9a56
In base 4, what is 120 - -2103022203?
2103022323
In base 4, what is -1000101000 + -1120?
-1000102120
In base 9, what is -88636364 + 2?
-88636362
In base 6, what is -23 - -5224101?
5224034
In base 9, what is 1 - -142464236?
142464237
In base 12, what is a + 188555b?
1885569
In base 11, what is -4280570 + -39?
-42805a9
In base 11, what is 21240824 - -3?
21240827
In base 2, what is 1000111011000101101001100000 - 101?
1000111011000101101001011011
In base 5, what is -3 + 203444223?
203444220
In base 9, what is -280245 + 13?
-280232
In base 12, what is 79b259b - -1?
79b25a0
In base 13, what is 11 - 4802854?
-4802843
In base 8, what is 522273 - 157?
522114
In base 13, what is 0 - -12b73213?
12b73213
In base 8, what is 31044175 + 5?
31044202
In base 5, what is 1210 - 3231024?
-3224314
In base 14, what is -2c + 1a369b?
1a366d
In base 15, what is 1daa9e + -14?
1daa8a
In base 12, what is -193b327 - -227?
-193b100
In base 11, what is -50336254 - -5?
-5033624a
In base 7, what is 1 + 211533463?
211533464
In base 7, what is -30322550 - -14?
-30322533
In base 10, what is -475 + -47828?
-48303
In base 8, what is 2 - 1222603?
-1222601
In base 13, what is -4 - c65236?
-c6523a
In base 6, what is 5135414 - -1?
5135415
In base 14, what is -3 + 498227?
498224
In base 3, what is -10210120121021 + -12200?
-10210120210221
In base 10, what is 30698 + -241?
30457
In base 15, what is 48d2 - -9a1?
5383
In base 16, what is -1b02 - 11c0?
-2cc2
In base 10, what is -1260112 - 5?
-1260117
In base 13, what is -34 + -72228?
-7225c
In base 11, what is 80 - 887?
-807
In base 4, what is -11 - 1020321202321?
-1020321202332
In base 14, what is -24c870 + 2?
-24c86c
In base 10, what is 329315 - -12?
329327
In base 3, what is 2 + -10010012101112?
-10010012101110
In base 15, what is -2 + 50768e?
50768c
In base 9, what is 3 + 2415840?
2415843
In base 3, what is -111001102002020 - 2?
-111001102002022
In base 3, what is -100220 - 211100222111?
-211101100101
In base 3, what is 201 + 2210022121212211?
2210022121220112
In base 8, what is -3 + -4745454?
-4745457
In base 12, what is -7 - -19529?
19522
In base 6, what is 13403 + -24420?
-11013
In base 12, what is -14923734 + 4?
-14923730
In base 14, what is -13a + -c868b7?
-c86a13
In base 8, what is 14 - 1141253?
-1141237
In base 11, what is -500 - 90a1?
-95a1
In base 13, what is 208cc79 + 10?
208cc89
In base 4, what is -1021 - -2031103?
2030022
In base 4, what is 331131202 + 231?
331132033
In base 2, what is 100101 - -11010100000011?
11010100101000
In base 15, what is 1980375 - 9?
198036b
In base 9, what is 540 - -3358811?
3360451
In base 10, what is 117744 + -3541?
114203
In base 9, what is -10 - 1708013?
-1708023
In base 2, what is -1000100010011 + 10011011011001?
1010111000110
In base 9, what is -146143 + -2847?
-150101
In base 16, what is e9 + -cc7ab?
-cc6c2
In base 13, what is -203 + -98a808?
-98aa0b
In base 14, what is -77a2 - -71d2?
-5b0
In base 10, what is -205818 + -17?
-205835
In base 11, what is 3 + -3a05126?
-3a05123
In base 10, what is 3 + -10812231?
-10812228
In base 11, what is 9aa3 - 5593?
4510
In base 14, what is -1c + 3773ca1?
3773c83
In base 2, what is -111011101010000 - 0?
-111011101010000
In base 4, what is -2 + -3230231221?
-3230231223
In base 5, what is -32 + 211140301?
211140214
In base 3, what is -11100010 - -22022?
-11000211
In base 2, what is -10 - 100111111101110?
-100111111110000
In base 5, what is 4 + 41144320104?
41144320113
In base 5, what is -100324 + 203321?
102442
In base 11, what is 604a0 - 39?
60462
In base 12, what is -7 + -334b926b?
-334b9276
In base 4, what is 100323001221203 - 2?
100323001221201
In base 14, what is -580c3 - -25?
-5809c
In base 8, what is -24546 - 205?
-24753
In base 4, what is -10 + -11012301313?
-11012301323
In base 10, what is 15293708 - 4?
15293704
In base 13, what is 4782 - -2591?
7043
In base 2, what is -10 + 100100001001111100000?
100100001001111011110
In base 6, what is -113144255 + 451?
-113143404
In base 16, what is -18 - -dba1?
db89
In base 14, what is -537 + 2642c?
25cd5
In base 9, what is -3 - -333758?
333755
In base 6, what is -13234335 + -514?
-13235253
In base 4, what is -221212 + 202232110?
202010232
In base 2, what is -100011011111000100001 + -11?
-100011011111000100100
In base 12, what is 25b5 - 4535?
-1b40
In base 11, what is 131 + 23a39?
2406a
In base 16, what is -165dc68 - 3?
-165dc6b
In base 13, what is 70905c + -14?
709048
In base 12, what is 29 - -16a1883?
16a18b0
In base 15, what is 3 - 3cd4362?
-3cd435e
In base 5, what is -113113 - -21331043?
21212430
In base 14, what is c - -86803?
86811
In base 7, what is -1663223 + 66?
-1663124
In base 4, what is 0 - -12121123231322?
12121123231322
In base 6, what is -3 + 101415351?
101415344
In base 16, what is -dffe + -f0?
-e0ee
In base 4, what is 32121232221 + 1302?
32121300123
In base 13, what is -6 + b30c6c?
b30c66
In base 8, what is 33 + 222605?
222640
In base 4, what is 21330132 + 131003?
22121201
In base 14, what is 1009c4 + -17?
1009ab
In base 11, what is 160930271 + 3?
160930274
In base 10, what is 0 - -54717553?
54717553
In base 11, what is 3200057 - -18?
3200074
In base 16, what is 8 + d9e45?
d9e4d
In base 15, what is -73ba785 + -5?
-73ba78a
In base 3, what is -2112100 + -2010000?
-11122100
In base 8, what is -662 - -334116?
333234
In base 2, what is 1011010011000100010 - 1001010110?
1011010001111001100
In base 12, what is 911b9 + -386?
90a33
In base 10, what is 8327562 - 37?
8327525
In base 15, what is 1 - -32a51e?
32a520
In base 13, what is 1 - 78187?
-78186
In base 4, what is 2023332101 - -11?
2023332112
In base 14, what is 81d - -14c1?
1d00
In base 10, what is 26 + -1504676?
-1504650
In base 7, what is -245 - -36515316?
36515041
In base 13, what is -418272 - 4?
-418276
In base 12, what is 1117564 + 2?
1117566
In base 2, what is -1100111110100 - -100101100001?
-1000010010011
In base 16, what is -4 + 27a4f0?
27a4ec
In base 8, what is 126072 - -22377?
150471
In base 4, what is 202123332332 - 11?
202123332321
In base 14, what is 7995 + 26a?
7c21
In base 9, what is -3 - -11237600?
11237586
In base 10, what is 0 - 11575363?
-11575363
In base 13, what is -19 - b647a3?
-b647bc
In base 3, what is 10220011011 + 1100?
10220012111
In base 16, what is 888 - -2cb?
b53
In base 12, what is 286685 + 17?
2866a0
In base 11, what is -1a9 - 99188?
-99386
In base 4, what is 3302330 + 31203220?
101112210
In base 11, what is 940776 + 88?
940853
In base 2, what is -101100001101010001101111 + -100?
-101100001101010001110011
In base 11, what is -8334581 + 1?
-8334580
In base 15, what is 13 + -15ecd8c?
-15ecd79
In base 7, what is 33456 + -20133?
13323
In base 4, what is -1232233322 - -101?
-1